11
Suppose 9*f = 1018 - 253. What is the highest common divisor of f and 10?
5
Suppose 4*k - 339 = -219. Let f = k - 24. Let t be (2 - 1)*1*9. Calculate the highest common factor of f and t.
3
Let m(o) = 3*o**2 + 20*o - 23. Let r be m(-8). Calculate the greatest common divisor of r and 423.
9
Suppose -434 = -5*o + 3*a, 3*o - 4*a - 296 + 40 = 0. What is the greatest common factor of 8 and o?
8
Suppose 5 = -5*y + 3*a + 47, 4*a - 4 = 0. What is the highest common factor of 9 and y?
9
Let o(g) = g**2 - 10*g + 1. Let u be o(11). Let x(f) = 2*f**2 - 15*f - 24. Let s be x(u). What is the highest common factor of s and 28?
28
Let c be 3/(-2) - 36/(-8). Let o be -7 + c - (-3 - 53). What is the greatest common factor of o and 26?
26
Let q = 501 - 178. Calculate the highest common divisor of q and 19.
19
Let v(i) = 31 + 26*i + 10*i - 23*i + 4. Let r be v(3). What is the highest common factor of 111 and r?
37
Suppose 7 = 3*b + 4*d, 5*d + 15 = b - 0*b. Let f be (b - 4) + -4 + 28. Calculate the greatest common divisor of f and 1.
1
Let k(r) = 3*r + 4. Let d be k(6). Let h = -9 + d. Let q(m) = 12*m**2 + 2*m + 3. Let v be q(3). Calculate the greatest common factor of h and v.
13
Suppose 4*h = 96 + 380. Suppose -5*n - 6*u + 559 = -3*u, h = n + 3*u. What is the greatest common divisor of n and 10?
10
Let l(v) be the third derivative of v**5/60 - v**4/2 - 5*v**3/2 + 32*v**2. Let k be l(14). Calculate the highest common factor of 208 and k.
13
Let z(k) = 6*k**2 + 6*k + 78. Let w be z(8). Calculate the highest common factor of 30 and w.
30
Let o(v) = -v**2 - 9*v - 11. Let x be o(-4). Let m = -2 + x. Let d(c) = -10*c + 1. Let u be d(-2). Calculate the highest common divisor of u and m.
7
Let a(n) = n**2 + 6*n + 8. Let x be a(-5). Suppose x*p + 5 = l - 2*p, 0 = -5*l + p + 145. What is the highest common divisor of 10 and l?
10
Let q be (0 - 1) + (77 - 6). Let u(y) = -3*y + 134. Let a be u(33). What is the greatest common factor of q and a?
35
Suppose 41 = 3*k - 184. Suppose 4*d + d = k. Suppose p = -4*b + 6*p + 75, -b = -2*p - 21. Calculate the greatest common divisor of b and d.
15
Let w = -36 + 112. Let o = w - 23. What is the greatest common divisor of o and 583?
53
Let h be (6 + -13)/((-1)/5). Suppose 0 = o - h - 33. Calculate the greatest common divisor of o and 17.
17
Let h(o) = o - 9. Let i be h(0). Let a = i - -4. Let w = a + 6. What is the highest common factor of 2 and w?
1
Let l be 25/50 - (43/(-2) + -2). Calculate the greatest common divisor of 56 and l.
8
Let d = 850 - 829. What is the greatest common factor of 48 and d?
3
Let c(g) = -g**2 - 9*g + 56. Let i be c(4). Calculate the greatest common divisor of i and 134.
2
Let d(a) = 2*a + 19. Let y be d(10). Let f = y - 0. Calculate the highest common factor of f and 26.
13
Suppose -17*a - 224 = -21*a. Let q(g) = -g - 21. Let r be q(0). Let p be 4/(-14) - 174/r. What is the highest common factor of p and a?
8
Suppose 0 + 2 = u + 5*b, -3*b = 4*u - 8. Let j be u/((-18)/(-3))*30. Let s = -13 - -63. Calculate the highest common factor of j and s.
10
Suppose 220 = f + 5*h, -20*f = -22*f - h + 476. Let p = -33 + 63. Calculate the greatest common factor of p and f.
30
Suppose 4039 = 9*d - 1901. What is the greatest common factor of 36 and d?
12
Let q = 2268 - 1531. Calculate the highest common divisor of 11 and q.
11
Let m be 765/18*(-36)/(-15). Calculate the highest common divisor of 170 and m.
34
Suppose 0 = -4*w + 3*r + 62 - 4, -w + r = -15. Calculate the greatest common factor of 806 and w.
13
Let w be 3/((-9)/(-682 + 7)). What is the greatest common factor of 60 and w?
15
Let f(d) = d**2 + 6*d + 40. Let k be f(-11). Calculate the highest common factor of 10 and k.
5
Let w(f) = -f**3 - f**2 - f + 5. Let u be w(0). Let k = -23 + 28. What is the highest common factor of u and k?
5
Let l = 1366 - 1356. What is the greatest common divisor of l and 125?
5
Let q = 659 - 649. What is the greatest common divisor of 165 and q?
5
Let l be 713/248 + 1/8. Calculate the highest common factor of l and 4.
1
Let o(y) = 70*y + 6558. Let q be o(-93). Let z be (-2)/(-7) + 40/7. What is the highest common factor of q and z?
6
Suppose -63 = 2*g - 293. Suppose 0 = -5*y - 3*f + 534, 0*f - 334 = -3*y + 5*f. Let n = y + -62. Calculate the greatest common divisor of n and g.
23
Let x(m) be the first derivative of 4*m**2 + 16*m - 34. Let t be x(6). Calculate the greatest common divisor of t and 8.
8
Suppose 5*s - 308 - 58 = -3*c, 0 = 5*s - 5*c - 390. Suppose -4*k = -k. Suppose -2*q + 55 + 45 = k. Calculate the greatest common factor of s and q.
25
Let l(w) be the third derivative of -w**5/60 + 5*w**4/24 + 4*w**3/3 - 5*w**2. Let h be l(4). What is the greatest common factor of h and 36?
12
Let t be 7950/126 + (-26)/273. Calculate the highest common divisor of 63 and t.
63
Suppose 0 = -0*r - 2*r + 52. Suppose -2*h + 211 = -31. Suppose f = h + 9. Calculate the highest common divisor of r and f.
26
Let b(n) = n**2 - n - 3. Let m be b(-5). Calculate the greatest common factor of m and 198.
9
Let x(h) = -11 + 5 - 8 - 3*h - 4*h. Let m be x(-6). What is the highest common divisor of 308 and m?
28
Let h = 312 + -232. What is the greatest common factor of 50 and h?
10
Let l = -13 + 22. Let a = 245 + -209. What is the highest common divisor of a and l?
9
Let g(y) = 4*y + 4 + 10 + 1 - 9. Let p be g(4). Calculate the greatest common divisor of p and 33.
11
Suppose 273 - 17 = 16*q. What is the greatest common factor of 272 and q?
16
Let f = -977 - -1074. What is the highest common factor of f and 1?
1
Let f(n) = -3*n**2 - 7*n - 6. Let t be f(-3). Let h be (1/(-3))/(4/(t*6)). Let w(k) = k + 4. Let b be w(0). What is the highest common divisor of b and h?
2
Suppose o - 6*o = 0. Suppose 0 = 243*h - 236*h - 119. Let n = h - o. Calculate the greatest common divisor of 187 and n.
17
Let k be (-1)/((-6)/11 + 815/1595). What is the highest common factor of 2552 and k?
29
Let u = -1684 - -2545. What is the highest common divisor of u and 21?
21
Let l(j) = j**3 + 13*j**2 + 9*j - 21. Let w be l(-10). Calculate the highest common factor of 21 and w.
21
Suppose -400 = -3*i - 3*q - 109, -5*i = q - 493. Calculate the highest common divisor of i and 33.
33
Let v = 232 + -127. What is the highest common factor of 280 and v?
35
Suppose 7*h - 773 - 137 = 0. Calculate the greatest common divisor of h and 50.
10
Let v(c) = 3*c + 4. Let o be v(2). Let t be (16/o)/(10/25). Let h = 16 + 12. What is the highest common factor of t and h?
4
Let q = 15 + -11. Let g(v) = 4 + v**3 + 5*v**2 - 3*v**2 + 4*v - 5*v**2. Let x be g(q). Calculate the highest common divisor of x and 4.
4
Suppose -836 = -30*r + 664. What is the greatest common divisor of r and 175?
25
Let d be 22/4 + 14/(-28). Suppose -7*u = -d*u - 14. Let z = u - -7. What is the highest common divisor of z and 42?
14
Let a(n) = n**2 - n - 33. Let y be a(-6). Calculate the highest common factor of 6 and y.
3
Suppose v - 357 = -2*r, -5*v - 4 = 11. What is the greatest common factor of r and 120?
60
Let d(v) = v - 10. Let b be d(4). Let j = 18 + b. Let k = -3 + j. What is the highest common factor of k and 9?
9
Let v be (-22*124/(-24))/((-6)/(-18)). Calculate the greatest common factor of v and 93.
31
Suppose -2 = j - 4*x - 0, j - x = 1. Suppose j*k = -2*a + 70, -5*k + 15 = -a + 80. Calculate the highest common divisor of a and 10.
10
Let k be 1206/22 + 20/110. Let u be (-24 + 2)*((-4)/8 - 0). What is the highest common divisor of k and u?
11
Suppose -3*x + 10 + 32 = 2*a, -5*a - 56 = -4*x. What is the highest common divisor of x and 63?
7
Let b = -842 - -860. Let v = 6 + -4. Calculate the greatest common divisor of v and b.
2
Let h be 4/6*(17 + -4 + 5). What is the highest common divisor of 60 and h?
12
Let c be -2 + (-2 - -9) - -95. What is the greatest common divisor of 75 and c?
25
Let i(v) = 5*v + 20. Let b be i(-4). Let m(a) = -a**2 + 40. Let t be m(b). Calculate the highest common factor of t and 16.
8
Suppose 0 = -3*m - 5*j + 194, -65 = -m - 6*j + 4*j. What is the highest common divisor of 270 and m?
9
Let v(i) = i**2 + 10*i - 7. Let b be v(-11). Suppose 0 = -m + 4*m - 15. Let k = m + b. Calculate the greatest common divisor of k and 99.
9
Let z(x) = x**3 - 6*x**2 - 6*x - 28. Let k be z(8). Calculate the highest